{"id":215,"date":"2023-07-11T08:10:15","date_gmt":"2023-07-11T08:10:15","guid":{"rendered":"http:\/\/193.194.89.177\/lbpo_wp\/?page_id=215"},"modified":"2023-07-11T20:15:07","modified_gmt":"2023-07-11T20:15:07","slug":"neurobiologie","status":"publish","type":"page","link":"https:\/\/lbpo.usthb.dz\/index.php\/neurobiologie\/","title":{"rendered":"Neurobiologie"},"content":{"rendered":"\n<p><strong>Chef d&#8217;\u00e9quipe:<\/strong>  OUALI-HASSENAOUI Saliha, Professeur<\/p>\n\n\n\n<h3>Th\u00e8mes de recherche<\/h3>\n\n\n\n<p>Activit\u00e9s adaptatives sur les vert\u00e9br\u00e9s sahariens&nbsp;:<\/p>\n\n\n\n<div class=\"is-vertical is-layout-flex wp-container-1 wp-block-group\">\n<ul>\n<li>R\u00e9gulation dipsique chez les animaux d\u00e9sertiques et les petits vert\u00e9br\u00e9s sahariens.<\/li>\n\n\n\n<li>Le rythme nycth\u00e9m\u00e9ral chez les animaux d\u00e9sertiques et les petits vert\u00e9br\u00e9s sahariens.<\/li>\n<\/ul>\n\n\n\n<p><strong>Th\u00e8mes d\u2019applications&nbsp;<\/strong><\/p>\n\n\n\n<p>Adaptation et environnement<\/p>\n\n\n\n<p><\/p>\n<\/div>\n\n\n\n<h2>Composante de l&#8217;\u00e9quipe<\/h2>\n\n\n\n<div class=\"is-vertical is-layout-flex wp-container-2 wp-block-group\">\n<p><strong>Membres permanents<\/strong><\/p>\n\n\n\n<p>DEKAR-MADOUI Aicha<\/p>\n\n\n\n<p>BRENKIA Ounassa<\/p>\n\n\n\n<p>TOUATI Hanane<\/p>\n\n\n\n<p>HANNICHE Nadia<\/p>\n\n\n\n<p>DERBOUZ Amina<\/p>\n\n\n\n<p>CHAABANE Isma<\/p>\n\n\n\n<p>SALEM Sabiha<\/p>\n\n\n\n<p>REMANA Soumia<\/p>\n\n\n\n<p>BENARAB Souhila<\/p>\n\n\n\n<p>LOUNIS Saida<\/p>\n\n\n\n<p>NEMIRI Naima<\/p>\n\n\n\n<p>MOUZAOUI Fatma Zohra<\/p>\n\n\n\n<p>BENHAFRI Nadir<\/p>\n\n\n\n<p><strong>Doctorants<\/strong><\/p>\n\n\n\n<p>DRARENI Yasmine<\/p>\n\n\n\n<p>BOUMANSOUR Lydia<\/p>\n\n\n\n<p>ISSAD Salem Mamoun&nbsp;<\/p>\n\n\n\n<p>CHETOUI Samir<\/p>\n\n\n\n<p><strong>ATS<\/strong><\/p>\n\n\n\n<p>BAHA Houria<\/p>\n<\/div>\n\n\n\n<p><\/p>\n\n\n\n<p>Projets de recherche internationaux<\/p>\n\n\n\n<p><a href=\"http:\/\/193.194.89.177\/lbpo_wp\/index.php\/2023\/07\/11\/projets-de-recherche-nationaux-6\/\">Projets de recherche nationaux<\/a><\/p>\n\n\n\n<p><a href=\"http:\/\/193.194.89.177\/lbpo_wp\/index.php\/2023\/07\/11\/publications-internationales-7\/\">Publications internationales<\/a><\/p>\n\n\n\n<p><a href=\"http:\/\/193.194.89.177\/lbpo_wp\/index.php\/2023\/07\/11\/publications-nationales-4\/\">Publications nationales<\/a><\/p>\n\n\n\n<p>Communications internationales<\/p>\n\n\n\n<p>Communications nationales<\/p>\n\n\n\n<p><a href=\"http:\/\/193.194.89.177\/lbpo_wp\/index.php\/2023\/07\/11\/doctorats-6\/\">Doctorats<\/a><\/p>\n\n\n\n<p>Magisters<\/p>\n\n\n\n<p><a href=\"http:\/\/193.194.89.177\/lbpo_wp\/index.php\/2023\/07\/11\/masters-6\/\">Masters<\/a><\/p>\n","protected":false},"excerpt":{"rendered":"<p>Chef d&#8217;\u00e9quipe: OUALI-HASSENAOUI Saliha, Professeur Th\u00e8mes de recherche Activit\u00e9s adaptatives sur les vert\u00e9br\u00e9s sahariens&nbsp;: Th\u00e8mes d\u2019applications&nbsp; Adaptation et environnement Composante de l&#8217;\u00e9quipe Membres permanents DEKAR-MADOUI Aicha BRENKIA Ounassa TOUATI Hanane HANNICHE Nadia DERBOUZ Amina CHAABANE Isma SALEM Sabiha REMANA Soumia <span class=\"readmore\"><a href=\"https:\/\/lbpo.usthb.dz\/index.php\/neurobiologie\/\">Continue Reading<\/a><\/span><\/p>\n","protected":false},"author":1,"featured_media":0,"parent":0,"menu_order":0,"comment_status":"closed","ping_status":"closed","template":"","meta":[],"_links":{"self":[{"href":"https:\/\/lbpo.usthb.dz\/index.php\/wp-json\/wp\/v2\/pages\/215"}],"collection":[{"href":"https:\/\/lbpo.usthb.dz\/index.php\/wp-json\/wp\/v2\/pages"}],"about":[{"href":"https:\/\/lbpo.usthb.dz\/index.php\/wp-json\/wp\/v2\/types\/page"}],"author":[{"embeddable":true,"href":"https:\/\/lbpo.usthb.dz\/index.php\/wp-json\/wp\/v2\/users\/1"}],"replies":[{"embeddable":true,"href":"https:\/\/lbpo.usthb.dz\/index.php\/wp-json\/wp\/v2\/comments?post=215"}],"version-history":[{"count":4,"href":"https:\/\/lbpo.usthb.dz\/index.php\/wp-json\/wp\/v2\/pages\/215\/revisions"}],"predecessor-version":[{"id":324,"href":"https:\/\/lbpo.usthb.dz\/index.php\/wp-json\/wp\/v2\/pages\/215\/revisions\/324"}],"wp:attachment":[{"href":"https:\/\/lbpo.usthb.dz\/index.php\/wp-json\/wp\/v2\/media?parent=215"}],"curies":[{"name":"wp","href":"https:\/\/api.w.org\/{rel}","templated":true}]}}