{"id":62,"date":"2023-07-09T11:05:36","date_gmt":"2023-07-09T11:05:36","guid":{"rendered":"http:\/\/193.194.89.177\/lbpo_wp\/?page_id=62"},"modified":"2023-07-11T13:56:50","modified_gmt":"2023-07-11T13:56:50","slug":"nutrition-et-metabolisme","status":"publish","type":"page","link":"https:\/\/lbpo.usthb.dz\/index.php\/nutrition-et-metabolisme\/","title":{"rendered":"Nutrition et M\u00e9tabolisme"},"content":{"rendered":"\n<p><strong>Chef d&#8217;\u00e9quipe:<\/strong> SIHALI-BELOUI Ouahiba<\/p>\n\n\n\n<h3>Th\u00e8mes de recherche<\/h3>\n\n\n\n<div class=\"is-vertical is-layout-flex wp-container-1 wp-block-group\">\n<p>Influence nutritionnelle, endocrinienne et pharmacologique chez 03 mod\u00e8les exp\u00e9rimentaux (le rat wistar, le rat des sables et la gerbille) normaux, au cours de l\u2019ob\u00e9sit\u00e9 et du syndrome diab\u00e9tique.<\/p>\n\n\n\n<p><\/p>\n\n\n\n<ul>\n<li>Dysfonctionnement m\u00e9tabolique et endocrinien<\/li>\n\n\n\n<li>Relations neuro immunoendocrines chez les trois mod\u00e8les<\/li>\n\n\n\n<li>Th\u00e9rapeutiques antidiab\u00e9tiques (plantes m\u00e9dicinales, agents pharmacologiques\u2026)<\/li>\n<\/ul>\n<\/div>\n\n\n\n<p><\/p>\n\n\n\n<h2>Composante de l&#8217;\u00e9quipe<\/h2>\n\n\n\n<div class=\"is-vertical is-layout-flex wp-container-2 wp-block-group\">\n<p><strong>Membres permanents<\/strong><\/p>\n\n\n\n<p>AROUNE Djamila<\/p>\n\n\n\n<p>SEMIANE Nesrine<\/p>\n\n\n\n<p>MALLEK Aicha<\/p>\n\n\n\n<p>AYATI Houria<\/p>\n\n\n\n<p>BELABBES NABI Yasmine<\/p>\n\n\n\n<p><strong>Doctorants<\/strong><\/p>\n\n\n\n<p>BELLAHRECHE Zineb<\/p>\n\n\n\n<p>TERMECHE Amel<\/p>\n\n\n\n<p>HOCEINE Nesrine<\/p>\n\n\n\n<p>BENAZOUZ Fella<\/p>\n\n\n\n<p><strong>ATS<\/strong><\/p>\n\n\n\n<p>KHELFA Assia<\/p>\n<\/div>\n\n\n\n<p><\/p>\n\n\n\n<div class=\"is-vertical is-layout-flex wp-container-3 wp-block-group\">\n<p><\/p>\n<\/div>\n\n\n\n<p>Projets de recherche internationaux<\/p>\n\n\n\n<p><a href=\"http:\/\/193.194.89.177\/lbpo_wp\/index.php\/2023\/07\/11\/projets-de-recherche-nationaux-4\/\">Projets de recherche nationaux<\/a><\/p>\n\n\n\n<p><a href=\"http:\/\/193.194.89.177\/lbpo_wp\/index.php\/2023\/07\/11\/publications-internationales-4\/\">Publications internationales<\/a><\/p>\n\n\n\n<p>Publications nationales<\/p>\n\n\n\n<p>Communications internationales<\/p>\n\n\n\n<p>Communications nationales<\/p>\n\n\n\n<p><a href=\"http:\/\/193.194.89.177\/lbpo_wp\/index.php\/2023\/07\/11\/doctorats-3\/\">Doctorats<\/a><\/p>\n\n\n\n<p>Magisters<\/p>\n\n\n\n<p><a href=\"http:\/\/193.194.89.177\/lbpo_wp\/index.php\/2023\/07\/11\/masters-3\/\">Masters<\/a><\/p>\n","protected":false},"excerpt":{"rendered":"<p>Chef d&#8217;\u00e9quipe: SIHALI-BELOUI Ouahiba Th\u00e8mes de recherche Influence nutritionnelle, endocrinienne et pharmacologique chez 03 mod\u00e8les exp\u00e9rimentaux (le rat wistar, le rat des sables et la gerbille) normaux, au cours de l\u2019ob\u00e9sit\u00e9 et du syndrome diab\u00e9tique. Composante de l&#8217;\u00e9quipe Membres permanents <span class=\"readmore\"><a href=\"https:\/\/lbpo.usthb.dz\/index.php\/nutrition-et-metabolisme\/\">Continue Reading<\/a><\/span><\/p>\n","protected":false},"author":1,"featured_media":0,"parent":0,"menu_order":0,"comment_status":"closed","ping_status":"closed","template":"","meta":[],"_links":{"self":[{"href":"https:\/\/lbpo.usthb.dz\/index.php\/wp-json\/wp\/v2\/pages\/62"}],"collection":[{"href":"https:\/\/lbpo.usthb.dz\/index.php\/wp-json\/wp\/v2\/pages"}],"about":[{"href":"https:\/\/lbpo.usthb.dz\/index.php\/wp-json\/wp\/v2\/types\/page"}],"author":[{"embeddable":true,"href":"https:\/\/lbpo.usthb.dz\/index.php\/wp-json\/wp\/v2\/users\/1"}],"replies":[{"embeddable":true,"href":"https:\/\/lbpo.usthb.dz\/index.php\/wp-json\/wp\/v2\/comments?post=62"}],"version-history":[{"count":5,"href":"https:\/\/lbpo.usthb.dz\/index.php\/wp-json\/wp\/v2\/pages\/62\/revisions"}],"predecessor-version":[{"id":284,"href":"https:\/\/lbpo.usthb.dz\/index.php\/wp-json\/wp\/v2\/pages\/62\/revisions\/284"}],"wp:attachment":[{"href":"https:\/\/lbpo.usthb.dz\/index.php\/wp-json\/wp\/v2\/media?parent=62"}],"curies":[{"name":"wp","href":"https:\/\/api.w.org\/{rel}","templated":true}]}}