{"id":68,"date":"2023-07-09T13:33:27","date_gmt":"2023-07-09T13:33:27","guid":{"rendered":"http:\/\/193.194.89.177\/lbpo_wp\/?page_id=68"},"modified":"2023-07-11T15:07:46","modified_gmt":"2023-07-11T15:07:46","slug":"neurochimie","status":"publish","type":"page","link":"https:\/\/lbpo.usthb.dz\/index.php\/neurochimie\/","title":{"rendered":"Neurochimie"},"content":{"rendered":"\n<p><strong>Chef d\u2019\u00e9quipe&nbsp;<\/strong>: DORBANI-MAMINE Latifa, Professeur &nbsp;<\/p>\n\n\n\n<h3>Th\u00e8mes de recherche<\/h3>\n\n\n\n<p>Le programme de recherche est constitu\u00e9 de trois volets&nbsp;:<\/p>\n\n\n\n<div class=\"is-vertical is-layout-flex wp-container-1 wp-block-group\">\n<ul>\n<li>Etude mol\u00e9culaire des processus de s\u00e9cr\u00e9tion dans l\u2019axe hypothalamo-neurohypophysaire.<\/li>\n\n\n\n<li>Implication des cat\u00e9cholamines dans la r\u00e9gulation dipsique.<\/li>\n\n\n\n<li>Implication des neurotransmetteurs dans la r\u00e9gulation cardiovasculaire.<\/li>\n<\/ul>\n<\/div>\n\n\n\n<p><\/p>\n\n\n\n<h2>Composante de l\u2019\u00e9quipe<\/h2>\n\n\n\n<div class=\"is-vertical is-layout-flex wp-container-2 wp-block-group\">\n<p><strong>Membres &nbsp;permanents<\/strong><\/p>\n\n\n\n<p>BENABDESSELAM Roza, Professeur<\/p>\n\n\n\n<p>GUENDOUZI Salima, Dr<\/p>\n\n\n\n<p>ROOUAIGUIA Nadia<\/p>\n\n\n\n<p>TAHI Zahir, Dr<\/p>\n\n\n\n<p>SOUTTOU Sabrina, Dr<\/p>\n\n\n\n<p><strong>Doctorants&nbsp;<\/strong><\/p>\n\n\n\n<p>METCHAT-DJERMOUNE Fatima-Zahra<\/p>\n\n\n\n<p>DELIBA Maha<\/p>\n\n\n\n<p>OUABEL Im\u00e8ne<\/p>\n\n\n\n<p>ABDELLAOUI Ikram<\/p>\n\n\n\n<p>TOUNSI Fella<\/p>\n\n\n\n<p>BENHACENE Wassila<\/p>\n\n\n\n<p>REZIK Kaouther<\/p>\n\n\n\n<p><strong>ATS&nbsp;<\/strong><\/p>\n\n\n\n<p>Pas d\u2019ATS<\/p>\n<\/div>\n\n\n\n<p><\/p>\n\n\n\n<p><a href=\"http:\/\/193.194.89.177\/lbpo_wp\/index.php\/2023\/07\/11\/projets-de-recherche-internationaux-4\/\">Projets de recherche internationaux<\/a><\/p>\n\n\n\n<p><a href=\"http:\/\/193.194.89.177\/lbpo_wp\/index.php\/2023\/07\/11\/projets-de-recherche-nationaux-5\/\">Projets de recherche nationaux<\/a><\/p>\n\n\n\n<p><a href=\"http:\/\/193.194.89.177\/lbpo_wp\/index.php\/2023\/07\/11\/publications-internationales-6\/\">Publications internationales<\/a><\/p>\n\n\n\n<p><a href=\"http:\/\/193.194.89.177\/lbpo_wp\/index.php\/2023\/07\/11\/publications-nationales-3\/\">Publications nationales<\/a><\/p>\n\n\n\n<p>Communications internationales<\/p>\n\n\n\n<p>Communications nationales<\/p>\n\n\n\n<p><a href=\"http:\/\/193.194.89.177\/lbpo_wp\/index.php\/2023\/07\/11\/doctorats-5\/\">Doctorats<\/a><\/p>\n\n\n\n<p>Magisters<\/p>\n\n\n\n<p><a href=\"http:\/\/193.194.89.177\/lbpo_wp\/index.php\/2023\/07\/11\/masters-5\/\">Masters<\/a><\/p>\n","protected":false},"excerpt":{"rendered":"<p>Chef d\u2019\u00e9quipe&nbsp;: DORBANI-MAMINE Latifa, Professeur &nbsp; Th\u00e8mes de recherche Le programme de recherche est constitu\u00e9 de trois volets&nbsp;: Composante de l\u2019\u00e9quipe Membres &nbsp;permanents BENABDESSELAM Roza, Professeur GUENDOUZI Salima, Dr ROOUAIGUIA Nadia TAHI Zahir, Dr SOUTTOU Sabrina, Dr Doctorants&nbsp; METCHAT-DJERMOUNE Fatima-Zahra <span class=\"readmore\"><a href=\"https:\/\/lbpo.usthb.dz\/index.php\/neurochimie\/\">Continue Reading<\/a><\/span><\/p>\n","protected":false},"author":1,"featured_media":0,"parent":0,"menu_order":0,"comment_status":"closed","ping_status":"closed","template":"","meta":[],"_links":{"self":[{"href":"https:\/\/lbpo.usthb.dz\/index.php\/wp-json\/wp\/v2\/pages\/68"}],"collection":[{"href":"https:\/\/lbpo.usthb.dz\/index.php\/wp-json\/wp\/v2\/pages"}],"about":[{"href":"https:\/\/lbpo.usthb.dz\/index.php\/wp-json\/wp\/v2\/types\/page"}],"author":[{"embeddable":true,"href":"https:\/\/lbpo.usthb.dz\/index.php\/wp-json\/wp\/v2\/users\/1"}],"replies":[{"embeddable":true,"href":"https:\/\/lbpo.usthb.dz\/index.php\/wp-json\/wp\/v2\/comments?post=68"}],"version-history":[{"count":5,"href":"https:\/\/lbpo.usthb.dz\/index.php\/wp-json\/wp\/v2\/pages\/68\/revisions"}],"predecessor-version":[{"id":311,"href":"https:\/\/lbpo.usthb.dz\/index.php\/wp-json\/wp\/v2\/pages\/68\/revisions\/311"}],"wp:attachment":[{"href":"https:\/\/lbpo.usthb.dz\/index.php\/wp-json\/wp\/v2\/media?parent=68"}],"curies":[{"name":"wp","href":"https:\/\/api.w.org\/{rel}","templated":true}]}}