{"id":9,"date":"2023-04-11T10:38:07","date_gmt":"2023-04-11T10:38:07","guid":{"rendered":"http:\/\/193.194.89.177\/lbpo_wp\/?page_id=9"},"modified":"2023-07-13T11:46:49","modified_gmt":"2023-07-13T11:46:49","slug":"accueil","status":"publish","type":"page","link":"https:\/\/lbpo.usthb.dz\/index.php\/accueil\/","title":{"rendered":"Accueil"},"content":{"rendered":"\n<p>Le souci du Laboratoire de Biologie et Physiologie des Organismes \u2018LBPO\u2019 a toujours \u00e9t\u00e9 d\u2019\u00eatre en conformit\u00e9 avec l\u2019actualit\u00e9 scientifique mondiale et les besoins de domaines nouveaux comme la biologie mol\u00e9culaire, les biotechnologies et la bioinformatique.&nbsp;<br>Le LBPO continuera \u00e0 porter une attention particuli\u00e8re \u00e0 l\u2019effort de formation par la recherche, en liaison \u00e9troite avec d\u2019autres institutions nationales et internationales (universit\u00e9s, facult\u00e9s, instituts, laboratoire, entreprises\u2026).<\/p>\n\n\n\n<p>Il privil\u00e9giera la diffusion de l\u2019information scientifique et technique et sa participation au d\u00e9veloppement \u00e9conomique.<br>Il est compos\u00e9 de&nbsp;10 \u00e9quipes engag\u00e9es dans des recherches pluridisciplinaires en biologie fondamentale animale et v\u00e9g\u00e9tale et biologie appliqu\u00e9e.<\/p>\n\n\n\n<p><strong>Directeur du laboratoire&nbsp;:<\/strong> Pr. Souhila AOUICHAT-BOUGUERRA <\/p>\n\n\n\n<p><strong>Objectifs du laboratoire&nbsp;:<\/strong><\/p>\n\n\n\n<p>1 \u2013 Compr\u00e9hension par des approches cellulaires et mol\u00e9culaires des m\u00e9canismes de r\u00e9sistance des plantes aux stress abiotiques (Temp\u00e9rature, d\u00e9ficit hydrique, salinit\u00e9, m\u00e9taux lourds, hydrocarbures\u2026) et \u00e9tude du m\u00e9tabolisme secondaire.<\/p>\n\n\n\n<p>2&nbsp;&#8211; Syst\u00e9matique mol\u00e9culaire, Analyse des g\u00e9nomes en \u00e9cologie \u00e9volutive et Biodiversit\u00e9 v\u00e9g\u00e9tale.<\/p>\n\n\n\n<p>3&nbsp;&#8211; Symbioses rhizobium \u2013l\u00e9gumineuse et des bact\u00e9ries PGPR de la rhizosph\u00e8re. Etude des EPS et de leurs effets dans la rhizosph\u00e8re.<\/p>\n\n\n\n<p>4 \u2013 Approches physiologiques, cellulaires et mol\u00e9culaires des m\u00e9canismes mis en jeu dans l\u2019installation du syndrome plurim\u00e9tabolique, de la diab\u00e9sit\u00e9, des complications d\u00e9g\u00e9n\u00e9ratives cardiovasculaires et du stress oxydatif chez les mod\u00e8les animaux et chez l\u2019homme.<\/p>\n\n\n\n<p>5 \u2013 Contribution \u00e0 la connaissance des m\u00e9canismes de r\u00e9gulation cellulaires et mol\u00e9culaires des glandes endocrines.<\/p>\n\n\n\n<p>6 &#8211; Etude de l\u2019architecture mol\u00e9culaire du cytosquelette en relation avec le d\u00e9veloppement des syst\u00e8mes nerveux et musculaire chez les animaux et l\u2019homme.<\/p>\n\n\n\n<p>7 &#8211; Substrat neurochimique du comportement dipsique et de l\u2019hom\u00e9ostasie hydromin\u00e9rale.<\/p>\n\n\n\n<p>8&nbsp;&#8211; Etudes des m\u00e9canismes cellulaires et mol\u00e9culaires d\u2019adaptation, de neuroplasticit\u00e9 et de vieillissement chez les petits vert\u00e9br\u00e9s en relation avec le stress hydrique et la photop\u00e9riode.<\/p>\n\n\n\n<p>9 &#8211; Neurosciences comportementales et cognitives.<\/p>\n","protected":false},"excerpt":{"rendered":"<p>Le souci du Laboratoire de Biologie et Physiologie des Organismes \u2018LBPO\u2019 a toujours \u00e9t\u00e9 d\u2019\u00eatre en conformit\u00e9 avec l\u2019actualit\u00e9 scientifique mondiale et les besoins de domaines nouveaux comme la biologie mol\u00e9culaire, les biotechnologies et la bioinformatique.&nbsp;Le LBPO continuera \u00e0 porter <span class=\"readmore\"><a href=\"https:\/\/lbpo.usthb.dz\/index.php\/accueil\/\">Continue Reading<\/a><\/span><\/p>\n","protected":false},"author":1,"featured_media":412,"parent":0,"menu_order":0,"comment_status":"closed","ping_status":"closed","template":"","meta":[],"_links":{"self":[{"href":"https:\/\/lbpo.usthb.dz\/index.php\/wp-json\/wp\/v2\/pages\/9"}],"collection":[{"href":"https:\/\/lbpo.usthb.dz\/index.php\/wp-json\/wp\/v2\/pages"}],"about":[{"href":"https:\/\/lbpo.usthb.dz\/index.php\/wp-json\/wp\/v2\/types\/page"}],"author":[{"embeddable":true,"href":"https:\/\/lbpo.usthb.dz\/index.php\/wp-json\/wp\/v2\/users\/1"}],"replies":[{"embeddable":true,"href":"https:\/\/lbpo.usthb.dz\/index.php\/wp-json\/wp\/v2\/comments?post=9"}],"version-history":[{"count":4,"href":"https:\/\/lbpo.usthb.dz\/index.php\/wp-json\/wp\/v2\/pages\/9\/revisions"}],"predecessor-version":[{"id":232,"href":"https:\/\/lbpo.usthb.dz\/index.php\/wp-json\/wp\/v2\/pages\/9\/revisions\/232"}],"wp:featuredmedia":[{"embeddable":true,"href":"https:\/\/lbpo.usthb.dz\/index.php\/wp-json\/wp\/v2\/media\/412"}],"wp:attachment":[{"href":"https:\/\/lbpo.usthb.dz\/index.php\/wp-json\/wp\/v2\/media?parent=9"}],"curies":[{"name":"wp","href":"https:\/\/api.w.org\/{rel}","templated":true}]}}